x - 18. Let f(n) = n**3 - 8*n**2 + 5*n + 7. Give f(b).
-7
Let j(a) be the first derivative of -a**3 - 1/2*a**2 - 3 + 0*a. Give j(-1).
-2
Let b(a) = a**2 + 2*a + 2. Let r(t) = -3*t**2 - 4*t - 5. Let q(s) = 5*b(s) + 2*r(s). What is q(3)?
-3
Let o(x) = -x. Suppose -1 - 2 = 3*q + 3*r, 2*r = 5*q - 23. Let k be (-1 - 2)/3*q. What is o(k)?
3
Let s(j) = -3*j - j - j**2 - 4 + 5*j. Suppose -3 = 5*o - 4*u - 14, -o + u + 2 = 0. Calculate s(o).
-10
Let q(p) be the second derivative of -p**5/10 - p**4/6 - p**3/6 - p**2 - p. Let f be (6/4)/(2/(-4)). Let i be 1 + f + -4 + 4. Determine q(i).
8
Let o(b) = 6*b**2 - 3 + b**3 + 2*b + 0*b + 8 + 0*b**3. Calculate o(-6).
-7
Let j(g) be the third derivative of g**5/60 - g**4/8 + g**3/6 + g**2. Suppose -2*x + 18 = -5*n, 2*x + 2*n - 6 = n. Calculate j(x).
5
Suppose 3*p = -5 - 1. Let f(l) be the first derivative of -l**3/3 - 3*l**2/2 + 2*l - 2. What is f(p)?
4
Let o(a) = -a**2 - 7*a - 7. Let m be o(-6). Suppose 3 = d + 1. Let i(q) = 2*q**2 + q**3 + 5*q**3 - q + q**3 - 3*q**d. Give i(m).
-7
Let v(o) be the first derivative of o**7/420 - o**4/24 - o**3 + 3. Let k(x) be the third derivative of v(x). Give k(-1).
-3
Let i be 3 + (-105)/36 + (-2)/(-8). Let s(q) be the first derivative of -3 + 1/2*q**2 - 8*q + i*q**3 - 1/4*q**4. Give s(0).
-8
Suppose 0*m + k - 11 = 5*m, 3*k + 3 = 3*m. Let z(u) = -u**3 - 4*u**2 - 3*u. Determine z(m).
0
Let s(j) = -5*j - 10. Let c(x) = 4*x + 9. Let v be 5/3*(4 - 1). Let z(p) = v*s(p) + 6*c(p). Determine z(5).
-1
Let y be (-9)/48*(-2)/45. Let u(f) be the third derivative of -2*f**2 + 0 + y*f**6 - 1/3*f**3 - 1/15*f**5 + 1/6*f**4 + 0*f. Calculate u(2).
-2
Let c be (3/(-6))/((-2)/8). Let d(t) = -4 + 2*t**c - 1 + 4. Give d(1).
1
Let o(j) = -j**3 - 6*j**2 + j - 8. Let x = -10 + 4. Give o(x).
-14
Let z(a) = a**3 - 6*a**2 - 8*a + 9. Let p be z(7). Let x(q) = 3*q - 5 - q**p + 8 + 0. Determine x(3).
3
Let v(g) = -g**2 - 9*g - 5. Let i be -2*(2 - (-75)/6). Let q = i - -21. Calculate v(q).
3
Suppose v - 5*d + 6 = -12, 5*v = -3*d + 22. Let s(y) = 8 + 4*y + 2*y - v - 5*y. Give s(-5).
1
Let o(p) = -6 - 9*p + 10*p - 5 + 3. Calculate o(4).
-4
Let l(z) = 3*z - 1. Suppose 4*k = 2*i - 19 - 19, -4*k = i + 53. Let v be (-40)/k - 3/9. What is l(v)?
8
Suppose 2*q - 7 = 1. Let f(n) = -7 + 2*n - n**3 - n**2 + 0 + n + q. Determine f(-3).
6
Suppose 0 = -y + 7 + 2. Let b = y + -5. Let q(m) = 4*m - 1. Let g(k) = 4*k. Let h(l) = b*q(l) - 5*g(l). Calculate h(-3).
8
Suppose -3*f + 17 = k, 4*k - 3*f = -6*f + 23. Suppose -k + 10 = 2*t. Let p(l) = -l**2 + 4*l - 5. Calculate p(t).
-5
Let u(t) = 7*t**2 - 3*t. Let z be u(1). Let j(q) be the third derivative of -q**6/120 + q**5/20 + 5*q**4/24 - q**3 - q**2. Determine j(z).
-2
Let r(j) = -j**2 + 6*j. Let i(p) = p**2 - 6*p + 1. Let s(u) = 2*i(u) + 3*r(u). What is s(5)?
7
Let j(x) = 0 - x**2 - 5*x**2 + 3*x**2 + x - 1. Calculate j(-2).
-15
Suppose 2*j - 7 = -13. Let n(f) = 2*f + 3. What is n(j)?
-3
Let z(m) = m**3 - m**2 + 1. Let y(l) = -2*l**3 - 2*l**2 - 4*l - 11. Let b(j) = y(j) + 3*z(j). What is b(6)?
4
Let p(v) be the second derivative of -v**3/2 + 9*v**2/2 + 9*v. What is p(6)?
-9
Let v(o) = 0*o + 3*o**2 - 5*o - 4*o**2. Let i = 12 + -11. Let j be 10/(-5)*2*i. Give v(j).
4
Suppose -5*j + 18 = -7. Suppose 0 + 6 = -4*o - 3*u, j*o = -3*u - 6. Let l(t) = 7 - 3*t + o + 1. Calculate l(6).
-10
Suppose -5*f = -7 - 18. Let i(w) = 3 - 1 - 2 + 5*w + 4 - w**2. Calculate i(f).
4
Let r(y) = y. Let s(h) = 3*h + 3. Suppose 0 = a + a - 4. Let v(g) = a*r(g) - s(g). What is v(-3)?
0
Suppose -10 = 4*g + 2*m, -5*g + 4*m - 29 = m. Let u be ((-8)/3)/(g/6). Suppose -l = -u*l + 12. Let r(y) = 2*y**2 - 7*y + 4. What is r(l)?
8
Let s(b) = -2*b - b**2 + b + b**2 + b**2. Determine s(0).
0
Let t = 10 - 5. Suppose -3*g = -t*f + 6, 5*g = 5*f - 0*f. Let h(b) = -b**3 + 3*b**2 + b + 1. Determine h(f).
4
Let r(b) be the third derivative of b**4/12 + 2*b**3/3 + 3*b**2. Let y = -12 - -19. Let k(m) = -m + 4. Let j be k(y). What is r(j)?
-2
Let l(f) = -f**3 - 10*f**2 + 13*f + 11. Let g be l(-11). Let u(v) = -v**3 - 12*v**2 - 12*v - 14. Give u(g).
-3
Let r(j) = j**2 + j + 12. Let q = 22 - 22. Give r(q).
12
Suppose -m - 10 = -6*m, -5*m + 10 = 5*a. Suppose a = 2*k - 3*k + 1. Let o(j) = -k - 2*j + 2*j + j**2 - j. Determine o(-1).
1
Let t(f) = -3*f**2 - 6 - 2*f + 3*f**2 + 2 - f**2. Give t(-3).
-7
Let r(f) = f**2 + 8*f - 8. Let l be r(-9). Let j(t) be the first derivative of t + 6. Let m(v) = -v - 5. Let n(i) = l*m(i) + 5*j(i). Calculate n(5).
-5
Suppose 0 = -5*u - n - n + 6, 2*n - 6 = 4*u. Let v(d) = -d + 5. Determine v(u).
5
Let o be (-2 + 10)/(1 + 0). Let z be ((-10)/o + 2)*4. Let x(i) = -2*i**2 + 5*i - 3. What is x(z)?
-6
Let t(b) be the second derivative of b**3/6 + b**2 + 4*b. Let r be t(-8). Let g(l) be the first derivative of l**3/3 + 7*l**2/2 + 4*l + 3. What is g(r)?
-2
Let s(y) be the first derivative of y**2/2 + 4*y + 1. Suppose 5*w = -0*w. Give s(w).
4
Let b(l) = -l + 4. Let y(i) = 2*i - 9. Let c(x) = -x**2 - 4*x + 5. Let f be c(-4). Suppose -8 + 33 = -f*z. Let w(t) = z*b(t) - 3*y(t). Determine w(4).
3
Let f(n) be the third derivative of -n**6/60 + n**5/60 - n**4/12 - n**3/6 - 19*n**2. Calculate f(2).
-17
Let c(f) = f + 6. Let n(q) = -1. Let x(o) = -c(o) - 6*n(o). Let u be 4/2 - (8 - 12). What is x(u)?
-6
Suppose 26 = 5*v + 4*t, 0 = 2*t - 0*t + 2. Let z(n) = -n**3 + 7*n**2 - 4*n - 8. Give z(v).
4
Let s(a) = -a - 1. Let g(d) = -d - 1. Let r(v) = 2*g(v) - s(v). What is r(-1)?
0
Suppose 83*d = 84*d + 1. Let p(b) = b + 2. What is p(d)?
1
Suppose -2*x - 4*v - 28 = -6*x, 2*v = -4*x - 2. Let f(a) = -5*a + 3. Let d(g) = -6*g + 4. Let k(n) = 3*d(n) - 4*f(n). What is k(x)?
4
Let v(p) = -p - 9. Suppose 7*d = 2*d + i - 39, 2*i - 38 = 5*d. What is v(d)?
-1
Let x(b) = 17*b. Let v(t) = -6*t + 35. Let p be v(6). What is x(p)?
-17
Let v be (-3)/(-6) + 9/2. Let a(b) = b - 1. Give a(v).
4
Let u(y) = 2*y + 6. Let p(b) = b + 5. Let j(c) = 7*p(c) - 6*u(c). Calculate j(-2).
9
Let b(g) = g**3 + 4*g**2 - g - 1. Suppose 3*k - 5*d - 14 = 0, 0 = -2*d - 0 - 2. Suppose -20 = 2*s + k*s. What is b(s)?
3
Suppose 0 = b + 2*l - 5 + 4, 0 = -2*b + l + 7. Suppose -4*r + 2*m = -12, 2 + 10 = b*r - 3*m. Let i(p) be the first derivative of p**2/2 - 2. Determine i(r).
2
Let s(z) = 2*z**2 + 3*z. Let m be s(-2). Let q be (-12)/60 + m/10. Let y(r) = r**2 + r - 1. Give y(q).
-1
Let k(m) = -m**3 + 5*m**2 - 5*m + 2. Let w(n) be the third derivative of -2*n**2 + 0*n + 0 + 1/60*n**5 + 1/24*n**4 + 2/3*n**3. Let y be w(0). Determine k(y).
-2
Let m(h) be the third derivative of -h**4/24 + h**3/2 + 5*h**2. Calculate m(6).
-3
Let h(a) = a. Let z be 11/2*(1 - -1). Suppose 2*n = -2*c - 12, -3*c - z = -2*n + 2. Let b be c/(5/3) - 2. Determine h(b).
-5
Let d(k) = -9 + 0 + 13*k**2 - 9*k - 14*k**2 + 1. Determine d(-7).
6
Let q(g) be the second derivative of 5*g + 0 + 1/12*g**4 - 5/6*g**3 + 3/2*g**2. Determine q(3).
-3
Suppose -2 = -5*y + 3. Suppose 2*t - t = 5*b + 14, -t - y = 0. Let c(v) = v**3 + 3*v**2 + 3*v + 3. Calculate c(b).
-6
Let g(p) = 7*p**3 + 5*p**3 - 2*p**2 - 8 - 11*p**3 - 6*p**2 + 7*p. Determine g(7).
-8
Let t(o) = o**3 - 9*o**2 + o + 10. Let k(x) = -x**2 + 1. Let d(j) = 4*k(j) - t(j). Give d(5).
-11
Let r(j) = j + 3. Let x(l) = -2*l**2 + 3*l - 2. Let d be x(3). Let k(z) = z**2 + 11*z - 3. Let t be k(d). What is r(t)?
0
Let g(s) = -7*s**3 + 6*s**2 - s - 8. Let k(q) = -9*q**3 + 6*q**2 - 2*q - 10. Let w(l) = 4*g(l) - 3*k(l). Suppose -5*o = m + 4, -3*o + 4 = 2*m + o. What is w(m)?
10
Let r(d) = -2*d**2 + 9*d + 5. Let g(o) = 5*o**2 - 18*o - 10. Let t(j) = -3*g(j) - 7*r(j). Let u be t(-8). Let l(a) = -a**3 + 2*a**2 + a. Determine l(u).
-6
Let a(z) = z**2 - z + 2. Suppose -x - 6 = -3*b, 0 = -4*b - 2*x + 18. What is a(b)?
8
Let v(b) be the first derivative of b**3/3 - 5*b**2/2 - 6*b - 1. Suppose -3 = -n - 2*a, -5*n + 0*a + 15 = 5*a. Suppose n*m - 10 = m. What is v(m)?
-6
Let l(k) be the second derivative of -k**3 + k**2/2 - 18*k. Give l(1).
-5
Let u(g) = -1 - 28*g + 2 + 10*g + 0. Calculate u(-1).
19
Let r(m) = m**3 + 5*m**2 + 3*m + 1. Let v be 10/2 - (4 + -3). Suppose 4 = 2*b + v*z, -5*b + 0*z - 17 = z. What is r(b)?
5
Let p(w) be the first derivative of w**3/3 + 2*w**2 - w + 2. Let j be p(-3). Let l(t) = -2 + 3 + 0 + t. Calculate l(j).
-3
Let v(o) = o**2 + 0*o**2 - o -